4). Suppose s - 5 + d = j. List the prime factors of s.
2
Suppose 16 = -4*a, -5*d + a - 2*a + 186 = 0. What are the prime factors of d?
2, 19
Suppose 2 = -w - 2. Let z(n) = -6*n - 6. List the prime factors of z(w).
2, 3
What are the prime factors of (-1440)/(-27) + (-1)/3?
53
Suppose 0 = -3*m - 5*g + 14, 0 = -m + 2*g + g - 14. List the prime factors of -2 - (m + -1 - 16).
17
Let a be 384/6 + 1/1. Let n = a - 27. List the prime factors of n.
2, 19
List the prime factors of 2264/14 - 4/(-14).
2, 3
Suppose -3*k - k - p = -1182, 4*p - 1483 = -5*k. List the prime factors of k.
5, 59
Suppose -5*d + 18 = -12. Suppose d*i = i + 5*w - 10, 0 = 3*i - 5*w + 10. What are the prime factors of (1 + -2)*(i + -3)?
3
Suppose 0 = -l + 10. What are the prime factors of (l/(-8))/((-6)/24)?
5
Let x(b) = -b**3 + 5*b**2 + 2. Let m be x(5). Suppose m*q - 21 = 37. Suppose j = 4*i + q, -2*i - 20 = 2*i. What are the prime factors of j?
3
Suppose -15*m + 10*m + 10 = 0. Suppose -m*h + 10 = -10. List the prime factors of h.
2, 5
Let o = -5 - 0. Let u(q) = 4*q**2 + 9*q - 10. Let y(x) = x**2 - 1. Let p(s) = o*y(s) + u(s). List the prime factors of p(7).
3
Let g(c) = -c**2 + 9*c - 2. List the prime factors of g(6).
2
Suppose -86 = 31*i - 32*i. List the prime factors of i.
2, 43
Suppose -3*u + 8*u = 10. Suppose v + f = 3*f + 24, u*v + 4*f = 16. List the prime factors of v.
2
Let c = -4 + 4. Let o = c - -5. List the prime factors of o.
5
Let s(i) be the second derivative of -i**4/24 + 7*i**3/6 + i**2 - i. Let w(q) be the first derivative of s(q). List the prime factors of w(0).
7
Let y = 7 + 0. Suppose -y + 47 = 5*t. List the prime factors of t.
2
Suppose 0 = z - 3*z + 36. List the prime factors of z.
2, 3
Suppose -5*m + 53 = -62. What are the prime factors of m?
23
Suppose -7*k - k = -712. What are the prime factors of k?
89
Let o(t) be the first derivative of 2*t**3/3 + t**2 + 1. Let n = 22 - 20. List the prime factors of o(n).
2, 3
Let z = 6 - 3. Suppose -5*l - z*c - 20 = -87, 2*c - 8 = 0. List the prime factors of l.
11
Let o(q) be the first derivative of q**5/120 - q**4/12 - q**3/3 + 1. Let h(l) be the third derivative of o(l). What are the prime factors of h(5)?
3
Let g(o) = o**3 - 12*o**2 - o + 10. Let n be g(12). What are the prime factors of (n/5)/(3/(-105))?
2, 7
Let o be (1 - 2 - 0)*-15. Let x = o + -4. List the prime factors of x.
11
Let k = 14 + -8. Suppose k*h - 3*h = 18. Let g = -3 + h. What are the prime factors of g?
3
Let r(g) = -1 - g + 4 - 2 - g + 4*g**2. List the prime factors of r(-2).
3, 7
Let b(z) = -3*z**3 + z**2 - 1. Let w be b(-1). Suppose -5*d + 43 = w*f - 4*d, -4*d + 55 = 3*f. List the prime factors of 0/1 + -1 + f.
2, 3
Let j(d) be the first derivative of 3*d**2 - 3*d - 4. Let s(z) = -6*z + 3. Let u(m) = 5*j(m) + 4*s(m). What are the prime factors of u(2)?
3
Suppose -2*q + 2*h + h = 23, -25 = -5*h. Let n(g) = -2*g + 4. Let v be n(q). List the prime factors of (-2)/3 - (-104)/v.
2
Suppose -34 = -4*u + 3*r - r, -r + 1 = u. Let c = u + 9. List the prime factors of c.
3, 5
Suppose 5*z + 25 = 5*m, z = 5 - 8. Suppose -20 = -u - 3*u - m*i, u - 27 = 5*i. List the prime factors of u.
7
Let t = 10 - 6. Suppose 5*w - 2*n + 3 = 17, 0 = 3*w + 3*n. Suppose -5*i + 2*o + w = -t*i, 4*i + o = 35. List the prime factors of i.
2
Suppose 4*f + 2 = 5*f. What are the prime factors of f*(-3)/(-2) + -1?
2
Let v = -5 + 8. Suppose v*x = -x. Suppose -5*l + h + 75 = 0, x = -2*l - h + 7 + 16. List the prime factors of l.
2, 7
Suppose 3*t = -2*x + 153, -2*t = -t + 5. What are the prime factors of x?
2, 3, 7
Let u(k) = 2*k**2 + 5*k + 4. Suppose 2*y = -2 - 6. Let s be u(y). Suppose -4*b + 2*d + 4 = -s, -3*d + 10 = 4*b. What are the prime factors of b?
2
Suppose 0 = 3*z + 39 - 117. Suppose p + p - z = 0. List the prime factors of p.
13
Suppose 14*a = 18*a + 52. Let i(s) = -s**2 - 15*s + 11. What are the prime factors of i(a)?
37
Let u(z) = -3*z + 16. Let p(y) = 6*y - 33. Let w(o) = -2*p(o) - 5*u(o). List the prime factors of w(8).
2, 5
Let v(x) = -9*x + 2. Let k be v(-6). Suppose -k = -3*o + 2*o. Suppose -o = -y - 3*y. List the prime factors of y.
2, 7
Suppose -s - 4*s = 0. Suppose 2*o - 3*d - 38 = 0, s = 5*d + 31 - 11. What are the prime factors of o?
13
Let k = -4 - -9. Suppose -9*a + 5*a = 4. What are the prime factors of k + (2 + -3)/a?
2, 3
Suppose 4*n + 32 = -0*n. Let m be (-18)/n + (-2)/8. Let g(s) = 3*s**2 - 2*s + 3. List the prime factors of g(m).
11
Suppose -2*w = -87 + 11. List the prime factors of w.
2, 19
Suppose 225 = 2*a - 3*h, 7*h - 3*h + 105 = a. What are the prime factors of a?
3, 13
Suppose -3 + 1 = 2*r, 2139 = 5*h - 4*r. List the prime factors of h.
7, 61
Suppose d - 13 = -5. Suppose -4*f - 4 = -2*l, 4*l - 2*f = -0*f + d. Suppose -5*c + o + 48 = 0, l*c - 2*o - 12 - 12 = 0. List the prime factors of c.
3
Let k be (-114)/(-4)*(-16)/6. Let q be (-3 - 0)*k/(-12). Let s = -12 - q. List the prime factors of s.
7
Let w(x) = x - 20. Let u be w(0). What are the prime factors of (1 - -15)*(-30)/u?
2, 3
Let v(q) be the first derivative of q**6/360 - q**5/120 + q**4/12 + 2*q**3/3 + 1. Let o(t) be the third derivative of v(t). What are the prime factors of o(2)?
2
Let k = -113 + 62. Let o = 21 + k. What are the prime factors of 100/o*9/(-2)?
3, 5
Let s = -61 - -88. List the prime factors of s.
3
Let h = -138 - -197. List the prime factors of h.
59
What are the prime factors of -2 + (264 - (5 + -6))?
263
Suppose 87 = 5*l - 2*n, 3*n = -2 + 14. List the prime factors of l.
19
Let r(x) = -2*x + 2. Let m be r(-3). Let f(t) = t**3 - 7*t**2 - 5*t + 2. List the prime factors of f(m).
2, 13
Suppose 16*v + 861 = 4237. What are the prime factors of v?
211
Suppose -8*b = -6*b - 34. What are the prime factors of b?
17
Suppose 3*m = -5*y + 32, -5*y + 0*y - 4*m + 31 = 0. Let w = 18 - y. List the prime factors of w.
11
Suppose -4*x - 7 + 35 = 0. Suppose 0 = -5*c - x + 62. List the prime factors of c.
11
What are the prime factors of ((-16)/(-10))/((-16)/(-40))?
2
Let i = 4 - -2. Suppose -3*b + 0*b + 48 = 0. Suppose -5*h - i = -b. List the prime factors of h.
2
Let h be -17 + 0 + (-3 - -3). Suppose 2*l - 5*l = -87. Let u = l + h. What are the prime factors of u?
2, 3
Let j(x) = 5*x - 5. Let z be j(4). What are the prime factors of (5 - z)/(-1 + 0)?
2, 5
Suppose -2*t = -t + 3*z - 14, z = -4*t + 12. Let b(j) = 5*j**3 - 3*j**2 + 2*j + 2. List the prime factors of b(t).
2, 17
Let y = 0 - -6. Let c be 2/7 + (-80)/35. Let f = y + c. What are the prime factors of f?
2
Let y be ((-2)/(-3))/((-2)/6). Let n(r) = 2*r**2 - 3*r - 3. Let b be n(y). Suppose 3*t - 30 - 1 = -4*z, 3*t - b = z. List the prime factors of t.
5
What are the prime factors of 472/20 - 6/10?
23
Let t = 21 - 1. List the prime factors of t.
2, 5
Suppose -g = 2*g - 3. Let y be 2*g/((-6)/(-9)). Suppose 2*a + 16 = 3*z, 2*z + 2*z = -y*a + 44. What are the prime factors of z?
2
Let c = 30 + -67. Let d = c + 76. List the prime factors of d.
3, 13
Suppose 0 = -4*f + 306 + 238. List the prime factors of f.
2, 17
Let b be (-3)/((-4)/16*3). Suppose -b*l + l = -99. What are the prime factors of l?
3, 11
Let i(b) = b**3 - 3*b**2 - b + 2. Let l be i(3). Let c(x) = -4*x - 1. List the prime factors of c(l).
3
Let s(d) be the third derivative of -d**4/8 + 11*d**3/6 - 5*d**2. List the prime factors of s(-11).
2, 11
Let f = 108 + -224. Let x = -80 - f. What are the prime factors of x?
2, 3
Let n = 152 + -47. List the prime factors of n.
3, 5, 7
Let c be (-2)/(-4) - (-90)/4. Suppose -8 = -5*v - c. What are the prime factors of 8/4*v/(-2)?
3
Let s = -2 - -4. Let x be (14/4 - s)*2. What are the prime factors of x*(2 + (-1)/(-3))?
7
Suppose 118 = 5*m - 2. List the prime factors of m.
2, 3
Let y = 36 + -18. Let q = y + -6. List the prime factors of q.
2, 3
Let q be -3*8*2/12. Let w(j) = 2*j. Let b be w(q). Let a(s) = s**3 + 9*s**2 + 8*s + 2. What are the prime factors of a(b)?
2
Let c(w) = w**2 - 4*w + 4. Suppose 4 = -i - 5*v - 4, -22 = -4*i - 2*v. What are the prime factors of c(i)?
5
Let t be 58/10 - (-1)/5. Let p be (-4)/(-5)*15/t. List the prime factors of 2/(p/((-36)/(-3))).
2, 3
Let h be ((-2)/2)/((-1)/5). Let u = h - -2. List the prime factors of u.
7
Let y = -235 + 362. List the prime factors of y.
127
Let b be 0*2*(-3)/12. Let p = b - -6. What 